
Let v be (-57)/(-12) + 15/(-20). Let i(m) = -20*m**2 + 13*m + 28. Let o(u) = 9*u**2 - 6*u - 12. Let r(k) = 4*i(k) + 9*o(k). Determine r(v).
12
Let f(w) be the third derivative of w**4/8 - 29*w**3/6 + 857*w**2. What is f(8)?
-5
Let j(y) be the first derivative of y**3 - 39*y**2/2 + 100*y - 4795. What is j(9)?
-8
Let r(z) = -9*z - 42. Let v be ((-24)/(-28))/(78/728)*2/(-2). Calculate r(v).
30
Let b(v) be the third derivative of v**5/60 + 7*v**4/24 - v**3 - 113*v**2 - 1. What is b(-6)?
-12
Let y(z) = -z**2 + z + 2. Suppose -5*g = 3*g - 48. Let l be 8/g*(2 + 2/(-4)). Suppose 6*b - 3*t = 3*b - 18, 0 = l*b - 4*t + 18. Determine y(b).
-10
Let o(c) = 6*c**2 - 110*c - 1. Let t(z) = 5*z**2 + 108*z + 2. Let w(x) = -4*o(x) - 3*t(x). Calculate w(3).
-5
Let j(d) = 6*d**2 - 21*d - 43. Let y(o) = 7*o**2 - 23*o - 40. Let c(z) = 6*j(z) - 5*y(z). What is c(15)?
2
Let k(h) = -h**2 - 7*h + 17. Let l be k(-6). Let b = 2 - l. Let o be (-3)/(-9)*(3 + -3 + b). Let r(c) = -c - 4. What is r(o)?
3
Let n(o) = 8*o**2 - 1. Suppose -43 = 221*x + 399. Calculate n(x).
31
Let u be -7 + (7 - (5 + -7)). Let z(t) = -7*t**2 + 346*t - 347*t + 5 - u*t**3 + t**3. What is z(-7)?
12
Let w(l) be the first derivative of -11*l**2/2 + 19*l - 1170. Give w(6).
-47
Let c(r) be the third derivative of r**6/120 - 65*r**4/24 - 4*r**3/3 + 6*r**2 - 5*r - 2. Give c(-8).
0
Let f(h) = 4*h + 1. Let k(b) = -3*b + 5. Let c(q) = 6*q - 11. Let i(m) = 3*c(m) + 7*k(m). Let w(x) = 2*f(x) + 3*i(x). Calculate w(8).
0
Let p(i) = i**3 + 9*i**2 + i + 13. Suppose 5*n = n - 5*d + 1922, -n + 485 = -d. Suppose -n = 3*m - 456. What is p(m)?
4
Let r(m) = m**2 - 5*m + 5. Let j be (10/(-4))/(7/28). Let t(d) = -11*d + 43. Let h be t(4). Let q be (h + j/(-4))*4. Calculate r(q).
11
Let j(a) = -2*a**2 - 7*a + 19. Let l be (-9 - (-75)/10)/((-6)/8). Let i be j(l). Let k(c) = -2*c - 3. Determine k(i).
3
Let z(i) = i**3 - 4*i**2 + i + 2. Let m(x) = 4*x**2 + 4. Let d be m(4). Suppose d + 17 = -5*n. Let g = n + 19. What is z(g)?
-4
Let b = 16 + -23. Let p(g) be the second derivative of g**4/12 + 4*g**3/3 + 9*g**2/2 + 321*g. What is p(b)?
2
Let h(u) = u**2 - 4*u - 19. Let k(c) = 637*c + 1922. Let i be k(-3). What is h(i)?
58
Let o(x) = -x**3 - 10*x**2 + 9*x - 34. Let d(c) = -14*c**2 - 8*c + 11. Let t be d(1). Calculate o(t).
-12
Suppose 38*o - 9 = 35*o. Let u be (8/(-10))/((-4)/20). Let a(x) = 14 - x**2 - o*x + u*x - 15. Determine a(2).
-3
Let c(z) be the first derivative of z - 2*z**2 - 87 + 0*z**2 - 6*z**2 + 2*z**2 + 7*z**2 + z**3. What is c(-1)?
2
Let w(i) = -2*i**2 - 166*i - 318. Let v be w(-81). Let c(p) = -2*p**2 + 12*p - 18. What is c(v)?
-18
Let y(a) be the first derivative of -a**3/3 + 23*a**2/2 - 19*a + 104. Determine y(23).
-19
Let w(q) = 3*q + 49 + 48 + 50 + 53 - q**2 + 0*q - 201. Suppose -2*i = -2 - 6. Calculate w(i).
-5
Let w(q) = 30*q**3 + 34*q**2 + 7*q + 8. Let z(x) = -6*x**2 - x - 2. Let c(n) = -w(n) - 5*z(n). What is c(-1)?
30
Suppose -12*z = -4*z - 8. Let y(n) = 2*n**3 + 4*n - 3. Let r(h) = 22*h**3 + 2*h**2 + 23*h - 18. Let m(a) = -r(a) + 6*y(a). What is m(z)?
-11
Let u(w) = w - 17. Let x(i) = 75*i - 559. Let c(m) = 4*u(m) - x(m). Calculate c(7).
-6
Let b(c) = -4*c**2 - 22*c - 16. Let i(v) = v**2 - v. Let u(d) = b(d) + 6*i(d). Determine u(0).
-16
Let o(s) be the first derivative of -s**2 - 8*s - 2959. Let u(x) = -4*x**2 + 2*x + 1. Let h be u(-1). Determine o(h).
2
Let a(c) = -3*c**3 + 2*c**2 - 2*c + 1. Let n be a(1). Let i be (n - 216/(-52)) + (-4)/26. Let w(r) = 3*r**3 + 6*r**i - 2*r**3 - 6 + 2 + 8*r + 8. Give w(-5).
-11
Let a(d) = 3*d - 10. Suppose 2*x = 2*i + 3*x - 286, 0 = -5*i - 2*x + 716. Let k = i - 135. Give a(k).
17
Let b(z) = 4*z + 78859*z**2 - 78860*z**2 + 9 - 12*z. Determine b(-7).
16
Let b(a) = -2*a - 4. Let u(n) = n**2 - 16*n + 17. Suppose -44 - 152 = -14*f. Let x be u(f). Calculate b(x).
18
Let l(h) be the first derivative of 7*h**4/4 + h**2 + h + 2. Let y be (-2)/(-3) - ((-2002)/66 - -32). Determine l(y).
-8
Let s(q) = -q**2 - 10*q + 5. Let z be (-57)/38*542/(-3). Let y = 260 - z. What is s(y)?
-6
Let w(x) = 66*x - 23*x + x**2 - 17*x - 10*x - 23*x - 19. What is w(-9)?
125
Let t(f) = -2*f**2 + 2*f + 3. Let r be (-2)/4*(-37 - 5). Suppose -4*n - 11 = i, -4*n + n - 5*i - r = 0. Give t(n).
-9
Let i(b) = 5. Let k(z) = -z + 25. Let p(x) = 11*i(x) - 2*k(x). Let q(w) = 45*w + 2470. Let g be q(-55). Calculate p(g).
-5
Let p(a) be the first derivative of -1/3*a**3 - 3*a - 4*a**2 - 31. Calculate p(-9).
-12
Let w(m) = -3*m**2 - 7*m - 13. Let b(t) = -4*t**2 - 10*t - 18. Let j(a) = 7*b(a) - 9*w(a). Suppose -3*i - 2*i - 3*y - 36 = 0, -4*y = 4*i + 32. Determine j(i).
-3
Let q(d) be the third derivative of -d**4/24 + d**3/6 - d**2 + 34*d. Suppose 5*n - 2*n = 6. Give q(n).
-1
Let z(x) = -x**2 + 6*x - 2. Let s(h) = -2*h**2 + 5*h - 2. Suppose 3*c = -c + 8. Let g(w) = c*s(w) - 3*z(w). Let i = 1458 + -1465. Give g(i).
9
Suppose -3*h - 2*g = -59, 0*g = -2*g + 2. Let q(p) = -18 + h - 3*p + 4*p. Suppose 2*c = -3*c - 4*y + 27, 4*c = 3*y + 3. Calculate q(c).
4
Suppose 0 = -5*q + 2*i - 36, -1 - 11 = 4*q + 4*i. Let l be 1 + -3 - (q - -2). Let o(x) = -l + 17 - x - 3 - 9. What is o(3)?
0
Let x = 3283/4 - 9845/12. Let u(v) be the first derivative of 4*v + 14 - 5/2*v**2 + x*v**3. What is u(4)?
0
Suppose -63 = -7*w - 2*w. Let s(m) = 170*m - 172*m + 6 - w - 2*m**2. Give s(-1).
-1
Let s(w) = -190*w**3 + 33*w**2 - 17*w - 48. Let n(y) = 67*y**3 - 11*y**2 + 6*y + 16. Let v(f) = -17*n(f) - 6*s(f). Give v(11).
16
Let p(o) = -2*o + 5. Let b be p(-3). Suppose t = -y + 4 + b, 5*t = -y + 23. Let n(q) = q**3 - 14*q**2 + 14*q - 11. Give n(y).
2
Suppose 0 = -68*s + 73 - 5. Let y(m) = 21*m - 11. What is y(s)?
10
Let y(n) = -888*n**2 + 887*n**2 - 5*n + 7 + 3 - 5. What is y(2)?
-9
Let h(p) = -6*p - 6. Let o be h(-2). Suppose -7*q = -8*q + o. Let s be (4/q*45/(-10))/1. Let c(v) = -v + 4. What is c(s)?
7
Let r(q) = q**3 - 32*q**2 + 29*q + 82. Let h be r(31). Suppose -4*o - 12 + h = 0. Let n(z) = 5*z**2 - z - 1. Calculate n(o).
17
Let p be 1236/(-412)*(74/6 + 2/6). Let i(r) = -r**2 - 51*r - 493. Determine i(p).
1
Let g(r) = -5*r**2 + 21*r + 8*r**2 - 9 + 0*r**2 + 20. What is g(-9)?
65
Suppose -1176 = -302*b + 134*b. Let t(y) = y**2 - 14*y + 57. Determine t(b).
8
Let b(r) = 4*r - 16. Let m(g) = -34 + 29 + 2*g - g. Let x(p) = -2*b(p) + 7*m(p). Let t(s) = -s**2 - 7*s + 23. Let q be t(-9). Calculate x(q).
-8
Let n(s) = -3*s - 3. Let w be n(-2). Let r be (-12)/(-10)*(-8)/80*-25. Suppose -r*l - w*l = 30. Let z(g) = -g - 3. What is z(l)?
2
Let k(s) = -4*s - 1. Suppose 42 = -16*l - 6. Let a be (3 + 4/l)*18/10. What is k(a)?
-13
Let r be -5 - (1/(-1))/(-2*(-3)/30). Let m(t) be the second derivative of -19*t - 2/3*t**3 + r + 1/12*t**4 + 1/2*t**2. What is m(2)?
-3
Let u(x) = -3*x**2 + 2*x**2 - 268*x - 2 + 0 + 276*x - 4. Calculate u(4).
10
Let j(p) = 10 - 7*p - 4*p**2 + 3*p**2 - 3. Suppose -146 + 127 = 4*t - 3*h, -4*t = 4*h + 40. Determine j(t).
7
Let y(f) = 2283 + 0*f**2 - 6*f - f**3 - 2290 + 0*f**2 + 6*f**2 - f**2. Give y(4).
-15
Let x(w) = w. Let c(v) = -v**2 + 15*v - 8. Let i(l) = -8*l + 135. Let m be i(15). Let y be c(m). Give x(y).
-8
Let m(c) = c + 875 + 391 - 1702 + 13*c. Calculate m(31).
-2
Let p(h) = 2*h**2 + 13. Let w(r) = -11*r**2 - r - 44. Let c(t) = -4*p(t) - w(t). Determine c(-3).
16
Suppose n + 102 = 179. Let o(s) = 232 + s - 75 - 69 - n. Calculate o(-4).
7
Suppose 0 = -2*v + a, 4*a = 3*v + 3 + 7. Let t(h) = -17*h**2 - 201*h + 4. Let s(y) = 3*y**2 + 34*y - 1. Let k(z) = -6*s(z) - t(z). What is k(v)?
-8
Suppose 927*a - 126 = 909*a. Let c(y) = y**3 - 7*y**2 + 8*y + 5. What is c(a)?
61
Let p(h) = -62*h - h**3 - 6*h**2 - 24*h - 4 + 81*h. Suppose 5*g + 4*r = 30, 5*g + 5*r - 23 - 12 = 0. Let u = -2 - g. What is p(u)?
-16
Let d(h) = -h**2 - 6*h + 6. Let b(t) = 2*t**2 + 7*t - 7. Let j(m) = 5*b(m) + 6*d(m). Let r be ((1 - 0) + 0)/1. Calculate j(r).
4
Let r(c) be the first derivative of -42*c**2 + 414*c - 2263. Determine r(5).
-6
Let u = -22 - -40. Let n be (u/12)/(3/12). Let q(l) = 15 - 17 + l + 0*l. What is q(n)?
4
Let g = -266 + 169. Let d = g + 100. Let m(s) = 28*s - s**3 - 1 - d + 1 + 3*s**2 - 26*s. What is m(4)?
-11
Let y(v) = 4*v + 1. Let z(j) = -2*j - 3. Let x(b) = -23*b - 7. Let n(p) = x(p) + 2*z(p). Let i(o) = n(o) + 6*y(o). Calculate i(-9).
2